{"id":1875,"date":"2025-03-18T18:36:31","date_gmt":"2025-03-18T17:36:31","guid":{"rendered":"https:\/\/latrencadora.com\/crema-de-avellana\/"},"modified":"2026-04-13T11:07:11","modified_gmt":"2026-04-13T10:07:11","slug":"crema-de-avellana","status":"publish","type":"product","link":"https:\/\/latrencadora.com\/es\/crema-de-avellana\/","title":{"rendered":"Crema de avellana"},"content":{"rendered":"<p><strong>Compra Inteligente:<\/strong> Comprando estos productos est\u00e1s invirtiendo en tu tierra, su paisaje y su gente.\u00bbTodos los productos los hacemos \u00edntegramente en nuestro obrador de El Rourell (Alt Camp)\u00bb<\/p>\n","protected":false},"excerpt":{"rendered":"<p>Crema de avellana elaborada con un 100% de avellanas de nuestra tierra, sin aditivos ni conservantes, para preservar todo su aut\u00e9ntico sabor. Es una crema suave y cremosa, con un intenso aroma tostado que se fundir\u00e1 en el paladar, ideal para cualquier receta donde quieras destacar el sabor de avellana genuino. <\/p>\n<p>Esta crema puede utilizarse tanto en preparaciones dulces como saladas. Es perfecta para elaborar postres artesanales como pasteles, helados, rellenos de bombones o simplemente para untar sobre una rebanada de pan tostado con un poco de miel. Tambi\u00e9n es excelente para aportar un toque especial a salsas saladas, combin\u00e1ndola con ingredientes como la calabaza o quesos suaves para sorprender en la mesa.  <\/p>\n<p><strong>Ingredientes:<\/strong><\/p>\n<p>Crema d&#8217;avellana 100%.<\/p>\n<p data-start=\"76\" data-end=\"99\"><strong data-start=\"76\" data-end=\"97\">Consejo culinario:<\/strong><\/p>\n<p data-start=\"101\" data-end=\"379\">A\u00f1ade una cucharada de nuestra crema de avellana a unas tostadas con miel o chocolate negro fundido para transformar un desayuno sencillo en un momento especial. Tambi\u00e9n puedes mezclarla con yogur natural o con un poco de miel para hacer una crema r\u00e1pida para acompa\u00f1ar fruta fresca o crepes. <\/p>\n","protected":false},"featured_media":781,"comment_status":"closed","ping_status":"closed","template":"","meta":{"inline_featured_image":false},"product_brand":[],"product_cat":[44,45],"product_tag":[],"alergens":[62,63,64],"class_list":{"0":"post-1875","1":"product","2":"type-product","3":"status-publish","4":"has-post-thumbnail","6":"product_cat-cremas","7":"product_cat-destacados","8":"alergens-sin-aditivos","9":"alergens-sin-gluten","10":"alergens-sin-lactosa","12":"first","13":"instock","14":"taxable","15":"shipping-taxable","16":"purchasable","17":"product-type-simple"},"_links":{"self":[{"href":"https:\/\/latrencadora.com\/es\/wp-json\/wp\/v2\/product\/1875","targetHints":{"allow":["GET"]}}],"collection":[{"href":"https:\/\/latrencadora.com\/es\/wp-json\/wp\/v2\/product"}],"about":[{"href":"https:\/\/latrencadora.com\/es\/wp-json\/wp\/v2\/types\/product"}],"replies":[{"embeddable":true,"href":"https:\/\/latrencadora.com\/es\/wp-json\/wp\/v2\/comments?post=1875"}],"version-history":[{"count":2,"href":"https:\/\/latrencadora.com\/es\/wp-json\/wp\/v2\/product\/1875\/revisions"}],"predecessor-version":[{"id":2697,"href":"https:\/\/latrencadora.com\/es\/wp-json\/wp\/v2\/product\/1875\/revisions\/2697"}],"wp:featuredmedia":[{"embeddable":true,"href":"https:\/\/latrencadora.com\/es\/wp-json\/wp\/v2\/media\/781"}],"wp:attachment":[{"href":"https:\/\/latrencadora.com\/es\/wp-json\/wp\/v2\/media?parent=1875"}],"wp:term":[{"taxonomy":"product_brand","embeddable":true,"href":"https:\/\/latrencadora.com\/es\/wp-json\/wp\/v2\/product_brand?post=1875"},{"taxonomy":"product_cat","embeddable":true,"href":"https:\/\/latrencadora.com\/es\/wp-json\/wp\/v2\/product_cat?post=1875"},{"taxonomy":"product_tag","embeddable":true,"href":"https:\/\/latrencadora.com\/es\/wp-json\/wp\/v2\/product_tag?post=1875"},{"taxonomy":"alergens","embeddable":true,"href":"https:\/\/latrencadora.com\/es\/wp-json\/wp\/v2\/alergens?post=1875"}],"curies":[{"name":"wp","href":"https:\/\/api.w.org\/{rel}","templated":true}]}}

<p><strong>Compra Inteligente:</strong> Comprando estos productos estás invirtiendo en tu tierra, su paisaje y su gente.»Todos los productos los hacemos íntegramente en nuestro obrador de El Rourell (Alt Camp)»</p>

<p>Crema de avellana elaborada con un 100% de avellanas de nuestra tierra, sin aditivos ni conservantes, para preservar todo su auténtico sabor. Es una crema suave y cremosa, con un intenso aroma tostado que se fundirá en el paladar, ideal para cualquier receta donde quieras destacar el sabor de avellana genuino. </p>
<p>Esta crema puede utilizarse tanto en preparaciones dulces como saladas. Es perfecta para elaborar postres artesanales como pasteles, helados, rellenos de bombones o simplemente para untar sobre una rebanada de pan tostado con un poco de miel. También es excelente para aportar un toque especial a salsas saladas, combinándola con ingredientes como la calabaza o quesos suaves para sorprender en la mesa.  </p>
<p><strong>Ingredientes:</strong></p>
<p>Crema d&#8217;avellana 100%.</p>
<p data-start="76" data-end="99"><strong data-start="76" data-end="97">Consejo culinario:</strong></p>
<p data-start="101" data-end="379">Añade una cucharada de nuestra crema de avellana a unas tostadas con miel o chocolate negro fundido para transformar un desayuno sencillo en un momento especial. También puedes mezclarla con yogur natural o con un poco de miel para hacer una crema rápida para acompañar fruta fresca o crepes. </p>
