{"id":1880,"date":"2025-03-18T18:36:28","date_gmt":"2025-03-18T17:36:28","guid":{"rendered":"https:\/\/latrencadora.com\/pack-4x250g-avellana-tostada\/"},"modified":"2026-04-20T14:19:18","modified_gmt":"2026-04-20T13:19:18","slug":"pack-4x250g-avellana-tostada","status":"publish","type":"product","link":"https:\/\/latrencadora.com\/es\/pack-4x250g-avellana-tostada\/","title":{"rendered":"Lote 4x250g Avellana Tostada"},"content":{"rendered":"<p><strong>Compra Inteligente:<\/strong> Comprando estos productos est\u00e1s invirtiendo en tu tierra, su paisaje y su gente.<\/p>\n<p>\u00abTodos los productos los hacemos \u00edntegramente en nuestro obrador de El Rourell (Alt Camp)\u00bb<\/p>\n<p>Trazabilidad: Avellanas seleccionadas exclusivamente de las mejores cosechas de nuestra casa.<\/p>\n<p>Cada partida, est\u00e1 codificada y contiene todos los par\u00e1metros (fecha de entrada, variedad, procedencia y par\u00e1metros de calidad. De forma exclusiva ya diferencia de lo que se hace habitualmente, estas partidas se mantienen separadas a la espera de pedido. <\/p>\n<p>\u00abS\u00f3lo las mejores partidas garantizan siempre, el mejor producto terminado\u00bb<\/p>\n<p><strong>Descascarillado: <\/strong>Proceso de separaci\u00f3n del grano del caparaz\u00f3n hecho por m\u00e9todo de gravedad y presi\u00f3n, no por rozamiento.<\/p>\n<p><strong>Conservaci\u00f3n de las propiedades organol\u00e9pticas <\/strong><\/p>\n<p>Cuidamos el intervalo de tiempo entre el descascarillado y el envasado. La protecci\u00f3n natural de la avellana es su caparaz\u00f3n, cuando se descascarilla (separamos el caparaz\u00f3n del grano), se inicia el proceso de oxidaci\u00f3n del grano, incrementando exponencialmente el % de acidez en el aceite del fruto. <\/p>\n","protected":false},"excerpt":{"rendered":"<p>Presentaci\u00f3n: El producto se empaqueta en una caja regalo, ideal para sorprender con un detalle de calidad o disfrutarlo en ocasiones especiales.<\/p>\n<p>&nbsp;<\/p>\n<p><strong>Avellana Tostada<\/strong><\/p>\n<p>Variedad: Negrita (&lt;0,1% otras variedades). <em>Aut\u00f3ctona cultivada en nuestro pa\u00eds.<\/em><\/p>\n<p>Tostado por m\u00e9todo artesanal rotativo, a baja temperatura. Frecuencia semanal (fecha de tostado estampado en cada bolsa) <\/p>\n<p>Conservaci\u00f3n: Evitar luz solar y en lugar fresco<\/p>\n<p>Recomendaci\u00f3n de consumo: Una vez abierto se aconseja consumirlo en 3 d\u00edas (Las propiedades organol\u00e9pticas excepcionales de la avellana tostada se pierden exponencialmente con el tiempo) <\/p>\n","protected":false},"featured_media":761,"comment_status":"closed","ping_status":"closed","template":"","meta":{"inline_featured_image":false},"product_brand":[],"product_cat":[43,46,47],"product_tag":[],"alergens":[63],"class_list":{"0":"post-1880","1":"product","2":"type-product","3":"status-publish","4":"has-post-thumbnail","6":"product_cat-avellanas","7":"product_cat-lotes","8":"product_cat-packs-es","9":"alergens-sin-gluten","11":"first","12":"instock","13":"taxable","14":"shipping-taxable","15":"purchasable","16":"product-type-simple"},"_links":{"self":[{"href":"https:\/\/latrencadora.com\/es\/wp-json\/wp\/v2\/product\/1880","targetHints":{"allow":["GET"]}}],"collection":[{"href":"https:\/\/latrencadora.com\/es\/wp-json\/wp\/v2\/product"}],"about":[{"href":"https:\/\/latrencadora.com\/es\/wp-json\/wp\/v2\/types\/product"}],"replies":[{"embeddable":true,"href":"https:\/\/latrencadora.com\/es\/wp-json\/wp\/v2\/comments?post=1880"}],"version-history":[{"count":3,"href":"https:\/\/latrencadora.com\/es\/wp-json\/wp\/v2\/product\/1880\/revisions"}],"predecessor-version":[{"id":2923,"href":"https:\/\/latrencadora.com\/es\/wp-json\/wp\/v2\/product\/1880\/revisions\/2923"}],"wp:featuredmedia":[{"embeddable":true,"href":"https:\/\/latrencadora.com\/es\/wp-json\/wp\/v2\/media\/761"}],"wp:attachment":[{"href":"https:\/\/latrencadora.com\/es\/wp-json\/wp\/v2\/media?parent=1880"}],"wp:term":[{"taxonomy":"product_brand","embeddable":true,"href":"https:\/\/latrencadora.com\/es\/wp-json\/wp\/v2\/product_brand?post=1880"},{"taxonomy":"product_cat","embeddable":true,"href":"https:\/\/latrencadora.com\/es\/wp-json\/wp\/v2\/product_cat?post=1880"},{"taxonomy":"product_tag","embeddable":true,"href":"https:\/\/latrencadora.com\/es\/wp-json\/wp\/v2\/product_tag?post=1880"},{"taxonomy":"alergens","embeddable":true,"href":"https:\/\/latrencadora.com\/es\/wp-json\/wp\/v2\/alergens?post=1880"}],"curies":[{"name":"wp","href":"https:\/\/api.w.org\/{rel}","templated":true}]}}

<p><strong>Compra Inteligente:</strong> Comprando estos productos estás invirtiendo en tu tierra, su paisaje y su gente.</p>
<p>«Todos los productos los hacemos íntegramente en nuestro obrador de El Rourell (Alt Camp)»</p>
<p>Trazabilidad: Avellanas seleccionadas exclusivamente de las mejores cosechas de nuestra casa.</p>
<p>Cada partida, está codificada y contiene todos los parámetros (fecha de entrada, variedad, procedencia y parámetros de calidad. De forma exclusiva ya diferencia de lo que se hace habitualmente, estas partidas se mantienen separadas a la espera de pedido. </p>
<p>«Sólo las mejores partidas garantizan siempre, el mejor producto terminado»</p>
<p><strong>Descascarillado: </strong>Proceso de separación del grano del caparazón hecho por método de gravedad y presión, no por rozamiento.</p>
<p><strong>Conservación de las propiedades organolépticas </strong></p>
<p>Cuidamos el intervalo de tiempo entre el descascarillado y el envasado. La protección natural de la avellana es su caparazón, cuando se descascarilla (separamos el caparazón del grano), se inicia el proceso de oxidación del grano, incrementando exponencialmente el % de acidez en el aceite del fruto. </p>

<p>Presentación: El producto se empaqueta en una caja regalo, ideal para sorprender con un detalle de calidad o disfrutarlo en ocasiones especiales.</p>
<p>&nbsp;</p>
<p><strong>Avellana Tostada</strong></p>
<p>Variedad: Negrita (&lt;0,1% otras variedades). <em>Autóctona cultivada en nuestro país.</em></p>
<p>Tostado por método artesanal rotativo, a baja temperatura. Frecuencia semanal (fecha de tostado estampado en cada bolsa) </p>
<p>Conservación: Evitar luz solar y en lugar fresco</p>
<p>Recomendación de consumo: Una vez abierto se aconseja consumirlo en 3 días (Las propiedades organolépticas excepcionales de la avellana tostada se pierden exponencialmente con el tiempo) </p>
