{"id":2912,"date":"2026-03-31T14:01:55","date_gmt":"2026-03-31T13:01:55","guid":{"rendered":"https:\/\/latrencadora.com\/almendra-tostada-250-g\/"},"modified":"2026-03-31T14:01:55","modified_gmt":"2026-03-31T13:01:55","slug":"almendra-tostada-250-g","status":"publish","type":"product","link":"https:\/\/latrencadora.com\/es\/almendra-tostada-250-g\/","title":{"rendered":"Almendra Tostada 250 g"},"content":{"rendered":"<p data-start=\"1592\" data-end=\"1701\"><strong data-start=\"1592\" data-end=\"1615\">Compra inteligente<\/strong><br data-start=\"1615\" data-end=\"1618\">Con este producto, apuestas por la tierra, el paisaje y la gente de nuestro entorno.<\/p>\n<p data-start=\"1703\" data-end=\"1825\"><strong data-start=\"1703\" data-end=\"1733\">Elaborado en nuestro obrador<\/strong><br data-start=\"1733\" data-end=\"1736\">Preparamos y envasamos este producto \u00edntegramente en nuestro obrador de El Rourell (Alt Camp).<\/p>\n<p data-start=\"1827\" data-end=\"2047\"><strong data-start=\"1827\" data-end=\"1857\">Procedencia y trazabilidad<\/strong><br data-start=\"1857\" data-end=\"1860\">Seleccionamos almendras de proximidad seg\u00fan el origen y calidad de cada cosecha. Cada partida est\u00e1 codificada para garantizar su trazabilidad y un control exhaustivo durante todo el proceso. <\/p>\n<p data-start=\"2049\" data-end=\"2233\"><strong data-start=\"2049\" data-end=\"2071\">Calidad y frescura<\/strong><br data-start=\"2071\" data-end=\"2074\">Trabajamos con las mejores partidas y cuidamos cada detalle hasta el momento del envasado para preservar el sabor, aroma y textura crujiente de la almendra tostada.<\/p>\n","protected":false},"excerpt":{"rendered":"<p>&lt;Variedad: Guara(&lt; 1 &gt;0,1% otras variedades) <em>Aut\u00f3ctona<\/em> cultivada en nuestro pa\u00eds.<\/p>\n<p>Tostado por m\u00e9todo artesanal rotativo, a baja temperatura. Frecuencia semanal (fecha de tostado estampado en cada bolsa) <\/p>\n<p>Conservaci\u00f3n: Evitar luz solar y en lugar fresco<\/p>\n<p>Recomendaci\u00f3n de consumo: Una vez abierto se aconseja consumirlo en 3 d\u00edas (Las propiedades organol\u00e9pticas excepcionales de la avellana tostada se pierden exponencialmente con el tiempo) <\/p>\n","protected":false},"featured_media":2910,"comment_status":"closed","ping_status":"closed","template":"","meta":{"inline_featured_image":false},"product_brand":[],"product_cat":[58,45,57],"product_tag":[],"alergens":[63],"class_list":{"0":"post-2912","1":"product","2":"type-product","3":"status-publish","4":"has-post-thumbnail","6":"product_cat-almendras","7":"product_cat-destacados","8":"product_cat-otros-frutos-secos","9":"alergens-sin-gluten","11":"first","12":"instock","13":"taxable","14":"shipping-taxable","15":"purchasable","16":"product-type-simple"},"_links":{"self":[{"href":"https:\/\/latrencadora.com\/es\/wp-json\/wp\/v2\/product\/2912","targetHints":{"allow":["GET"]}}],"collection":[{"href":"https:\/\/latrencadora.com\/es\/wp-json\/wp\/v2\/product"}],"about":[{"href":"https:\/\/latrencadora.com\/es\/wp-json\/wp\/v2\/types\/product"}],"replies":[{"embeddable":true,"href":"https:\/\/latrencadora.com\/es\/wp-json\/wp\/v2\/comments?post=2912"}],"version-history":[{"count":0,"href":"https:\/\/latrencadora.com\/es\/wp-json\/wp\/v2\/product\/2912\/revisions"}],"wp:featuredmedia":[{"embeddable":true,"href":"https:\/\/latrencadora.com\/es\/wp-json\/wp\/v2\/media\/2910"}],"wp:attachment":[{"href":"https:\/\/latrencadora.com\/es\/wp-json\/wp\/v2\/media?parent=2912"}],"wp:term":[{"taxonomy":"product_brand","embeddable":true,"href":"https:\/\/latrencadora.com\/es\/wp-json\/wp\/v2\/product_brand?post=2912"},{"taxonomy":"product_cat","embeddable":true,"href":"https:\/\/latrencadora.com\/es\/wp-json\/wp\/v2\/product_cat?post=2912"},{"taxonomy":"product_tag","embeddable":true,"href":"https:\/\/latrencadora.com\/es\/wp-json\/wp\/v2\/product_tag?post=2912"},{"taxonomy":"alergens","embeddable":true,"href":"https:\/\/latrencadora.com\/es\/wp-json\/wp\/v2\/alergens?post=2912"}],"curies":[{"name":"wp","href":"https:\/\/api.w.org\/{rel}","templated":true}]}}

<p data-start="1592" data-end="1701"><strong data-start="1592" data-end="1615">Compra inteligente</strong><br data-start="1615" data-end="1618">Con este producto, apuestas por la tierra, el paisaje y la gente de nuestro entorno.</p>
<p data-start="1703" data-end="1825"><strong data-start="1703" data-end="1733">Elaborado en nuestro obrador</strong><br data-start="1733" data-end="1736">Preparamos y envasamos este producto íntegramente en nuestro obrador de El Rourell (Alt Camp).</p>
<p data-start="1827" data-end="2047"><strong data-start="1827" data-end="1857">Procedencia y trazabilidad</strong><br data-start="1857" data-end="1860">Seleccionamos almendras de proximidad según el origen y calidad de cada cosecha. Cada partida está codificada para garantizar su trazabilidad y un control exhaustivo durante todo el proceso. </p>
<p data-start="2049" data-end="2233"><strong data-start="2049" data-end="2071">Calidad y frescura</strong><br data-start="2071" data-end="2074">Trabajamos con las mejores partidas y cuidamos cada detalle hasta el momento del envasado para preservar el sabor, aroma y textura crujiente de la almendra tostada.</p>

<p>&lt;Variedad: Guara(&lt; 1 &gt;0,1% otras variedades) <em>Autóctona</em> cultivada en nuestro país.</p>
<p>Tostado por método artesanal rotativo, a baja temperatura. Frecuencia semanal (fecha de tostado estampado en cada bolsa) </p>
<p>Conservación: Evitar luz solar y en lugar fresco</p>
<p>Recomendación de consumo: Una vez abierto se aconseja consumirlo en 3 días (Las propiedades organolépticas excepcionales de la avellana tostada se pierden exponencialmente con el tiempo) </p>
